 when 26139 is divided by 400?
139
What is the remainder when 71283 is divided by 7122?
63
Calculate the remainder when 51858 is divided by 12942.
90
Calculate the remainder when 1874 is divided by 95.
69
Calculate the remainder when 9867395 is divided by 21.
20
What is the remainder when 3037 is divided by 94?
29
Calculate the remainder when 409 is divided by 38.
29
Calculate the remainder when 628 is divided by 147.
40
Calculate the remainder when 1870079 is divided by 47.
43
Calculate the remainder when 11091 is divided by 1109.
1
What is the remainder when 593178 is divided by 148?
142
What is the remainder when 1126 is divided by 7?
6
What is the remainder when 159274 is divided by 156?
154
Calculate the remainder when 47605 is divided by 9.
4
Calculate the remainder when 7812 is divided by 1553.
47
What is the remainder when 28986 is divided by 9586?
228
Calculate the remainder when 59171 is divided by 59115.
56
What is the remainder when 113885 is divided by 780?
5
Calculate the remainder when 1498 is divided by 19.
16
What is the remainder when 824 is divided by 451?
373
Calculate the remainder when 13347 is divided by 1533.
1083
Calculate the remainder when 143 is divided by 72.
71
Calculate the remainder when 90691 is divided by 30224.
19
Calculate the remainder when 16375 is divided by 10.
5
Calculate the remainder when 55999 is divided by 450.
199
Calculate the remainder when 10734 is divided by 228.
18
Calculate the remainder when 41271 is divided by 3161.
178
Calculate the remainder when 2929 is divided by 1180.
569
What is the remainder when 33706 is divided by 196?
190
What is the remainder when 458965 is divided by 1114?
1111
What is the remainder when 1053 is divided by 61?
16
Calculate the remainder when 15517 is divided by 15515.
2
What is the remainder when 5989 is divided by 231?
214
Calculate the remainder when 2310 is divided by 1110.
90
Calculate the remainder when 537 is divided by 163.
48
Calculate the remainder when 51010 is divided by 249.
214
Calculate the remainder when 3231 is divided by 38.
1
What is the remainder when 6583 is divided by 469?
17
What is the remainder when 45123 is divided by 206?
9
Calculate the remainder when 3028 is divided by 255.
223
Calculate the remainder when 11710 is divided by 3229.
2023
What is the remainder when 1034 is divided by 119?
82
What is the remainder when 2280 is divided by 1040?
200
What is the remainder when 12919 is divided by 202?
193
What is the remainder when 95359 is divided by 31776?
31
What is the remainder when 355 is divided by 331?
24
What is the remainder when 982 is divided by 193?
17
What is the remainder when 664724 is divided by 112?
4
Calculate the remainder when 709260 is divided by 723.
720
Calculate the remainder when 1218 is divided by 892.
326
What is the remainder when 99119 is divided by 59?
58
Calculate the remainder when 283683 is divided by 1377.
21
Calculate the remainder when 90095 is divided by 249.
206
Calculate the remainder when 73768 is divided by 73750.
18
Calculate the remainder when 9825532 is divided by 173.
170
What is the remainder when 710386 is divided by 12?
10
What is the remainder when 32015 is divided by 58?
57
What is the remainder when 1231 is divided by 234?
61
Calculate the remainder when 7160 is divided by 1192.
8
Calculate the remainder when 9851 is divided by 78.
23
What is the remainder when 11450 is divided by 83?
79
Calculate the remainder when 7201 is divided by 363.
304
Calculate the remainder when 8166 is divided by 180.
66
What is the remainder when 7966 is divided by 95?
81
What is the remainder when 100252 is divided by 551?
521
What is the remainder when 21827 is divided by 2182?
7
What is the remainder when 717 is divided by 82?
61
Calculate the remainder when 29727 is divided by 53.
47
Calculate the remainder when 15013 is divided by 100.
13
Calculate the remainder when 5020 is divided by 418.
4
What is the remainder when 641 is divided by 58?
3
Calculate the remainder when 2418 is divided by 407.
383
What is the remainder when 246887 is divided by 324?
323
What is the remainder when 51886 is divided by 16?
14
What is the remainder when 1324643 is divided by 12?
11
Calculate the remainder when 184615 is divided by 57.
49
Calculate the remainder when 50267 is divided by 39.
35
Calculate the remainder when 11675 is divided by 8.
3
Calculate the remainder when 10864 is divided by 5054.
756
Calculate the remainder when 22499 is divided by 25.
24
What is the remainder when 343 is divided by 97?
52
Calculate the remainder when 602 is divided by 441.
161
Calculate the remainder when 43532 is divided by 369.
359
What is the remainder when 4386 is divided by 162?
12
Calculate the remainder when 1908 is divided by 12.
0
Calculate the remainder when 68812 is divided by 44.
40
What is the remainder when 12140548 is divided by 1517?
1514
What is the remainder when 952311 is divided by 106?
7
Calculate the remainder when 919 is divided by 129.
16
Calculate the remainder when 692 is divided by 133.
27
Calculate the remainder when 250 is divided by 41.
4
What is the remainder when 169739 is divided by 853?
845
Calculate the remainder when 21649 is divided by 773.
5
What is the remainder when 72884 is divided by 24287?
23
Calculate the remainder when 50897 is divided by 30.
17
Calculate the remainder when 54665 is divided by 367.
349
What is the remainder when 13184 is divided by 17?
9
What is the remainder when 428374 is divided by 25?
24
Calculate the remainder when 4269 is divided by 594.
111
Calculate the remainder when 30448 is divided by 105.
103
What is the remainder when 43668 is divided by 55?
53
Calculate the remainder when 796613 is divided by 46.
31
What is the remainder when 1709 is divided by 20?
9
What is the remainder when 470575 is divided by 33?
28
Calculate the remainder when 6006174 is divided by 16.
14
What is the remainder when 5228 is divided by 2?
0
Calculate the remainder when 2309 is divided by 116.
105
Calculate the remainder when 8667 is divided by 393.
21
Calculate the remainder when 450 is divided by 29.
15
What is the remainder when 15390 is divided by 7692?
6
Calculate the remainder when 19938 is divided by 169.
165
Calculate the remainder when 944 is divided by 285.
89
Calculate the remainder when 155846 is divided by 2641.
27
What is the remainder when 1896 is divided by 438?
144
Calculate the remainder when 2749369 is divided by 10.
9
Calculate the remainder when 5857 is divided by 143.
137
What is the remainder when 42705 is divided by 331?
6
Calculate the remainder when 1324 is divided by 444.
436
Calculate the remainder when 48968 is divided by 59.
57
Calculate the remainder when 26737 is divided by 4446.
61
What is the remainder when 79492 is divided by 5?
2
What is the remainder when 15172 is divided by 38?
10
What is the remainder when 40246 is divided by 114?
4
What is the remainder when 2273 is divided by 375?
23
What is the remainder when 6899 is divided by 246?
11
Calculate the remainder when 472 is divided by 116.
8
Calculate the remainder when 3098400 is divided by 99.
96
Calculate the remainder when 1292 is divided by 240.
92
Calculate the remainder when 18457 is divided by 11.
10
What is the remainder when 177859 is divided by 4?
3
Calculate the remainder when 2568 is divided by 160.
8
What is the remainder when 314422 is divided by 1549?
1524
What is the remainder when 3958 is divided by 429?
97
What is the remainder when 9349 is divided by 3111?
16
Calculate the remainder when 42508 is divided by 2.
0
What is the remainder when 72068 is divided by 721?
689
What is the remainder when 13562 is divided by 652?
522
What is the remainder when 1473 is divided by 289?
28
What is the remainder when 1513 is divided by 426?
235
Calculate the remainder when 8113 is divided by 4050.
13
What is the remainder when 16464 is divided by 974?
880
Calculate the remainder when 20175 is divided by 3356.
39
Calculate the remainder when 13874 is divided by 353.
107
What is the remainder when 139550 is divided by 148?
134
Calculate the remainder when 3802 is divided by 71.
39
What is the remainder when 98250 is divided by 4?
2
Calculate the remainder when 509443 is divided by 194.
193
What is t